digit of n?
1
Let j(n) = 1038*n**2 - 2*n - 2. Let k be j(-1). What is the units digit of k - (-6 - (1 + -13))?
2
Let b(q) = -q**2 + 8*q - 3. Suppose -9 = -3*a - 0. Let d be b(a). What is the units digit of ((-196)/d)/(-1 - 5/(-6))?
8
What is the units digit of ((-2)/4*5)/((-755)/6901908)?
4
Let z = 11965 - -35665. What is the tens digit of z?
3
Suppose -17*b - 82851 = 18*b - 725801. What is the units digit of b?
0
Suppose -10*g - 3*g + 105434 = -12918. What is the thousands digit of g?
9
Suppose 0 = -m + 1814 - 526. Suppose -6*x - 602 - m = 0. What is the units digit of (-42)/x + (-1256)/(-30)?
2
Suppose 0 = -2*j - 5*w + 211, 12*w + 443 = 4*j + 15*w. What is the hundreds digit of j?
1
Let y be (4 - (-384)/(-15))/((-2)/15). Let h(i) = -i**3 + 6*i**2 + 6*i + 9. Let c be h(7). Suppose -c*v + 4*v - y = 0. What is the units digit of v?
1
Let j(w) = w**2 - 10*w - 229. Let z be j(-11). What is the units digit of 3*(27/9 - z)?
3
Suppose 5*o = m - 2417, o + 312 = 4*m - 160. Let s = -242 - o. What is the hundreds digit of s?
2
Let x be 38/8 + (-3)/4. Let p = 51 - x. Suppose 4*o + p = 2*d - d, -2*d + 94 = o. What is the tens digit of d?
4
Let c(b) = -b**2 - 44*b - 77 - 112 + 106*b. What is the units digit of c(48)?
3
Let w = -7423 - -11514. What is the hundreds digit of w?
0
Let q(i) = 38*i**3 + 4*i**2 - 5*i - 3. Let t(o) = o**3 - 8*o**2 + 4*o - 30. Let d be t(8). What is the hundreds digit of q(d)?
3
Let o = 55 + -53. Let y = 8 - o. Suppose 124 = y*c + 34. What is the units digit of c?
5
Let u(j) = -5*j**2 + 7*j + 45. Let q(l) = -3*l**2 + l. Let w(k) = -2*q(k) + u(k). What is the units digit of w(19)?
1
Suppose -4*x + 3*g - 483 = 6*g, 5*x - g + 618 = 0. What is the tens digit of (84/10)/(x/(-8200))?
6
Let j(l) = 6*l**2 + l + 7. Let r be -2 - -5 - (-1 + 2). Let q be ((-1)/r)/(-2*(-2)/(-48)). What is the hundreds digit of j(q)?
2
Suppose 0 = 52*i - 54*i. Suppose 1 = -u, c + 5*u = -i*u + 410. Suppose 5*b - c = -0*b. What is the tens digit of b?
8
What is the thousands digit of 741990/12 + 4 - 1/2?
1
Let l(b) = -b**3 - 36*b**2 - 10*b + 75. Let i be l(-36). Suppose -51 - i = -2*f. What is the tens digit of f?
4
Let o = -15 + 26. Let k be (-2 - 3)*o + 3. Let w = k + 106. What is the units digit of w?
4
Let z(x) = -3*x + 51. Let s be z(21). Let v = 11 + s. What is the units digit of (75/30)/(v/(-22))?
5
Let f = 2466 + -745. Suppose -2*q - 1761 = -4*b - 7*q, -f = -4*b + 3*q. What is the units digit of b?
4
Let m(x) = x**2 + 9*x + 11. Let c = -66 + 57. Let b be m(c). Suppose -b - 20 = -w. What is the units digit of w?
1
Suppose v + 12 = 4*d, v + 0*d + 3*d - 23 = 0. Let w(f) = -f - 4. Let q(i) = 6*i - 14. Let s(p) = q(p) - w(p). What is the tens digit of s(v)?
4
Let f(y) be the second derivative of -y**6/60 + y**5/24 + 11*y**4/12 - 14*y. Let h(j) be the third derivative of f(j). What is the tens digit of h(-5)?
6
Suppose -27*w = 22396 - 7465. Let y = w - -594. What is the units digit of y?
1
Let w(j) = -263*j + 41. Let h be w(6). Let u = 2455 + h. What is the hundreds digit of u?
9
What is the tens digit of ((-360528)/145)/(-1 + 35/50)?
8
Let u = -1965 + 6267. What is the hundreds digit of u?
3
Suppose 77294 = 5*b - v, 52883 = 3*b + v + 6505. What is the ten thousands digit of b?
1
Let a = 2251 - -4790. Suppose 7*u - a = 5748. What is the hundreds digit of u?
8
What is the hundreds digit of ((-10)/(-95) - (-736347)/342)*6?
9
Let a(i) = 713*i**2 - 29*i + 132. What is the ten thousands digit of a(4)?
1
Suppose 72*c + 15*c - 1746492 = 43*c. What is the units digit of c?
3
Let h be ((-3)/(-2))/(3/6). Suppose 3*z = -d - 5, -3*d + 6*d - 21 = h*z. Suppose -4 = -f, d*c + f - 274 = -62. What is the units digit of c?
2
Suppose 24*v + 27*v = 224145. Suppose -19*d + v = -25777. What is the tens digit of d?
8
Suppose -x = -18 + 14. Let m be 7/28 - (-15)/x. Suppose m*p = -4*d + 300, 0 = -d + 5*d - 2*p - 324. What is the units digit of d?
9
Let f(w) = w**3 - 2*w**2 + w - 4. Let a be f(2). Let l be (a + 21/3)*(6 + 2). Suppose -l + 418 = 3*n. What is the tens digit of n?
2
Suppose 32 = -27*w - 49. What is the units digit of (-6)/(-8)*228/(-2 - w)?
1
Suppose -6*p = 51 - 345. Let a = p + 3. What is the tens digit of a?
5
Suppose 21*c - 57*c + 193629 + 719763 = 0. What is the tens digit of c?
7
Let b(f) = 5*f - 1. Let u be b(4). Suppose -6*w + 61 = u. Suppose 2*v - 3 = w. What is the units digit of v?
5
Let q(r) = 3*r**2 - 10*r - 1. Let p be q(8). Suppose 0 = 4*x + 2*g + 270, -17 = -2*x - 4*g - 155. Let c = p + x. What is the tens digit of c?
4
Suppose -12*h - 7*h + 7201 = 0. Suppose s + 4*k - h + 0 = 0, -k = -2*s + 803. What is the hundreds digit of s?
3
Let x = 135 + -133. Suppose -5*n + 5*a = -2600, -25 = x*a + 3*a. What is the tens digit of n?
1
Let j(u) = u**2 - 4*u + 11*u + 11*u**2 + u**3 - 26. Let d be j(-11). What is the units digit of 2/6 + (-78)/d*-11?
8
Let n = -800 + 882. Suppose n*l - 62436 = 38*l. What is the tens digit of l?
1
Let u be (0 - 1*4)/(-1). Let q = -1902 + 2505. Suppose q = u*g - g. What is the hundreds digit of g?
2
What is the hundreds digit of 128308/54 - (-284)/(-3834)?
3
Let o(k) = -k**3 + k**2 - k - 3. Let h be o(-3). Suppose 62*t = 11*t + 3060. Suppose -h = -4*f + t. What is the tens digit of f?
2
Let k(m) = -m**3 + 24*m**2 - 81*m + 864. What is the thousands digit of k(11)?
1
Let o(w) be the third derivative of -w**6/120 - 7*w**5/60 - 5*w**4/24 + 7*w**3/6 - 24*w**2. Let z be o(-6). What is the hundreds digit of z*-84*(3 + (-22)/4)?
2
Let v be (-1 - 3/2)/((-14)/1540). Suppose 965 - v = 3*q. What is the tens digit of q?
3
Suppose 20 = 2*s + 10. Suppose -c - 772 = -s*y + 212, 396 = 2*y - c. Suppose 0 = 2*p - 3*q - 98, 0 = -4*p - 0*q + q + y. What is the tens digit of p?
4
Let c = -7567 - -8714. What is the thousands digit of c?
1
What is the hundreds digit of (5260/(-6))/(13/(-15) - (-12)/60)?
3
Suppose -5*t + 31698 = -o, 4*o = -5*t + 3*o + 31702. What is the tens digit of t?
4
Let u = -20563 - -58118. What is the hundreds digit of u?
5
Let m(r) = r**3 - 13*r**2 + 18*r - 18. Let z be 15/(-60) - 98/(-8). What is the tens digit of m(z)?
5
Let s = 967 - -1607. Suppose 8*f + 3*f = s. What is the hundreds digit of f?
2
Suppose -g - 9 = 4*d - 1206, 4*d - 3615 = -3*g. What is the thousands digit of g?
1
Let p(o) = o**2 - 11*o - 9. Let l be p(12). Suppose -3 = l*g, -2*g + 2867 = 4*w + 993. What is the units digit of w?
9
Suppose -7269 = 2*s - 4*s - p, 2*p = 3*s - 10914. Suppose s = -11*i + 15*i. What is the tens digit of i?
0
Let d(z) = -z**3 - 4*z**2 - 3*z + 4. Let h be d(-3). Suppose -h*l = 2*w - 1818, -l + 1830 = 3*l - 2*w. Suppose -4*c = 84 - l. What is the units digit of c?
3
Let f(r) = -4*r + 2. Let g be -1*9 + -4 + 7. Let m be f(g). Let i = m - -53. What is the tens digit of i?
7
Let s(f) = f**3 - 16*f**2 + 7*f - 50. Let z be s(14). Let b = z + 1794. What is the thousands digit of b?
1
Let y = 633 + -638. Let i(u) = -7*u**3 + 8*u**2 + 5*u + 39. What is the units digit of i(y)?
9
Let z = 144 + -204. Let d be (z/(-4) - 4)/1. Suppose x - 93 = -d. What is the units digit of x?
2
Let o(v) = 4*v + 2. Let p be o(3). Let s be 217/p - 2/(-4). Suppose 0 = -4*y - 2*g + s, 2*y + 3*g = -y + 12. What is the units digit of y?
4
Let u = 42923 - 24599. What is the units digit of u?
4
Suppose 2*s + 21*s = 22379. Suppose -1620 = -5*g - 5*m, 3*g - m + 3*m = s. What is the units digit of g?
5
Let g be 7*6/70 - (-24)/10. Let o = -5 - -9. Suppose -q + 3 = 2*f - 1, o*q - 36 = -g*f. What is the tens digit of q?
1
Let d = 457 - -27. Suppose 3*m - 2041 = -d. What is the units digit of m?
9
Let r(h) = -2*h - 28. Let y = 24 - 39. Let l be r(y). Suppose -4*m + 0*m - 62 = -l*x, -5*x + 5*m = -145. What is the tens digit of x?
2
Suppose 2649 = b + 120. What is the thousands digit of b?
2
Suppose -4*h - 25 = -1. What is the units digit of h/(-10) - (-18524)/110?
9
Let j = 326 - -882. Let i = j + -193. What is the units digit of i?
5
Let w(d) = -6*d**2 - 4*d - 3. Let c be w(10). Let n = c - -2164. Suppose -17*u + n = -4*u. What is the units digit of u?
7
Let x = 208 + -220. What is the tens digit of 5 - x/4 - (1 - 5)?
1
Let t(m) = m**3 + 12*m**2 + 17*m + 9. Let s be t(-10). Suppose -11 = -2*c - s. Let j(w) = w**3 + 15*w**2 - w - 10. What is the tens digit of j(c)?
0
Suppose 5*h + 65